.
98
Calculate the highest common factor of 1876 and 7571.
67
What is the greatest common factor of 35433 and 186?
93
What is the greatest common factor of 363 and 167585?
121
Calculate the highest common divisor of 1452 and 748.
44
What is the highest common factor of 992335 and 115?
115
Calculate the greatest common divisor of 170 and 17578.
34
What is the highest common divisor of 654 and 3955392?
654
Calculate the greatest common factor of 357 and 79849.
119
Calculate the highest common factor of 12300 and 55596.
492
Calculate the greatest common factor of 124503 and 10293.
141
What is the greatest common divisor of 18 and 535572?
18
What is the greatest common factor of 20190 and 18780?
30
Calculate the greatest common divisor of 224 and 60844.
28
Calculate the greatest common factor of 24962 and 434.
14
What is the highest common divisor of 16 and 51928?
8
What is the greatest common factor of 270 and 55245?
15
What is the greatest common factor of 58016 and 3038?
98
Calculate the greatest common divisor of 590 and 165082.
118
Calculate the highest common factor of 9193 and 667.
29
Calculate the highest common factor of 2688 and 113568.
672
What is the greatest common divisor of 11935 and 422840?
1705
What is the greatest common factor of 5106 and 43884?
138
Calculate the greatest common factor of 35223 and 21.
3
What is the highest common factor of 10035 and 810?
45
What is the greatest common divisor of 70895 and 110?
55
What is the highest common factor of 14027 and 166?
83
Calculate the highest common factor of 4465934 and 33.
11
What is the highest common factor of 7773 and 60?
3
Calculate the highest common divisor of 1362057 and 3468.
867
What is the greatest common divisor of 192 and 252768?
96
Calculate the highest common divisor of 134390 and 6191.
151
Calculate the greatest common factor of 2176 and 1853.
17
Calculate the highest common factor of 50211 and 9.
9
Calculate the greatest common factor of 229919 and 19.
19
Calculate the greatest common divisor of 20264 and 12376.
136
What is the greatest common factor of 6588 and 81?
27
Calculate the greatest common factor of 117118 and 62.
62
What is the greatest common factor of 117 and 4952376?
117
What is the highest common factor of 25927 and 165?
11
Calculate the highest common factor of 76411 and 258.
43
What is the greatest common factor of 16 and 9477808?
16
What is the greatest common factor of 128 and 12864?
64
Calculate the greatest common divisor of 276675 and 31.
31
What is the highest common factor of 32420 and 80?
20
Calculate the greatest common divisor of 301911 and 2355.
471
Calculate the highest common factor of 82996 and 4.
4
Calculate the highest common factor of 162912 and 416.
32
What is the highest common factor of 337917 and 438?
219
What is the greatest common divisor of 5983 and 1351?
193
What is the highest common divisor of 95676 and 536?
268
What is the highest common factor of 489971 and 134?
67
What is the greatest common divisor of 498 and 3504?
6
What is the highest common factor of 2440 and 216550?
610
Calculate the highest common factor of 14 and 16933.
7
Calculate the greatest common divisor of 1896242 and 7856.
982
What is the highest common factor of 551 and 180293?
29
What is the highest common factor of 906411 and 454?
227
Calculate the highest common factor of 737 and 6413.
11
Calculate the greatest common divisor of 174 and 221322.
6
What is the greatest common factor of 380934 and 72?
18
What is the greatest common factor of 17346 and 3186?
354
What is the highest common factor of 1210353 and 4944?
309
What is the greatest common factor of 282528 and 1090?
218
Calculate the greatest common divisor of 4820 and 30.
10
Calculate the highest common divisor of 65178 and 68.
34
What is the greatest common divisor of 128 and 697088?
128
Calculate the greatest common factor of 189 and 452277.
189
Calculate the highest common divisor of 1008 and 78336.
144
What is the greatest common divisor of 5805954 and 66?
66
What is the greatest common factor of 32620 and 560?
140
Calculate the highest common factor of 465777 and 26.
13
What is the greatest common factor of 22775 and 15?
5
Calculate the highest common divisor of 4625 and 54575.
925
Calculate the greatest common divisor of 866761 and 343.
343
What is the highest common factor of 216 and 133596?
108
What is the greatest common divisor of 497 and 1589?
7
Calculate the greatest common divisor of 50 and 123625.
25
What is the highest common factor of 32539 and 143?
13
What is the highest common divisor of 465906 and 546?
42
What is the greatest common factor of 32977 and 12114?
673
Calculate the highest common factor of 5551 and 39.
13
What is the highest common divisor of 140860 and 730?
10
Calculate the greatest common factor of 56415 and 15.
15
Calculate the greatest common divisor of 1045 and 7645.
55
What is the greatest common divisor of 4181399 and 557?
557
Calculate the highest common factor of 345395 and 740.
185
Calculate the greatest common factor of 8717 and 23.
23
Calculate the greatest common divisor of 1267 and 31.
1
Calculate the greatest common factor of 1057 and 50887.
151
What is the greatest common factor of 886921 and 21?
7
Calculate the highest common factor of 318 and 651264.
318
What is the greatest common factor of 1976 and 2223?
247
Calculate the highest common divisor of 20079 and 3565.
23
What is the highest common divisor of 1252409 and 94?
47
What is the highest common factor of 538540 and 40?
20
What is the greatest common factor of 22710 and 4110?
30
What is the highest common factor of 3700 and 1600?
100
Calculate the highest common factor of 9423 and 265240.
349
What is the highest common divisor of 3 and 14793?
3
Calculate the greatest common divisor of 945008 and 16.
16
Calculate the greatest common divisor of 11454 and 1656.
138
What is the greatest common divisor of 66696 and 336?
168
What is the greatest common divisor of 4417 and 21?
7
Calculate the greatest common factor of 278 and 1976302.
278
Calculate the highest common divisor of 11 and 13849.
11
Calculate the highest common divisor of 66348 and 587917.
1843
Calculate the greatest common divisor of 279810 and 72.
18
What is the highest common factor of 21033 and 621?
27
Calculate the greatest common divisor of 1156 and 5660.
4
Calculate the highest common factor of 36 and 273402.
18
What is the greatest common divisor of 45 and 9420?
15
What is the highest common factor of 979 and 10415581?
979
What is the highest common factor of 261 and 42717?
87
Calculate the highest common factor of 8 and 144776.
8
Calculate the greatest common factor of 1479 and 9831.
87
What is the highest common factor of 470877 and 4807?
209
Calculate the greatest common factor of 51465 and 1825.
365
Calculate the greatest common divisor of 55083 and 114009.
1281
What is the greatest common divisor of 33 and 1101?
3
Calculate the highest common factor of 749 and 112.
7
Calculate the greatest common divisor of 512 and 6544.
16
Calculate the highest common factor of 151905 and 1425.
285
Calculate the greatest common divisor of 6526 and 923178.
502
What is the greatest common divisor of 6270 and 4280320?
2090
What is the greatest common divisor of 24435 and 2280?
15
Calculate the highest common factor of 43498 and 1274.
182
What is the greatest common divisor of 2376 and 1078?
22
Calculate the highest common factor of 1770 and 23246.
118
What is the greatest common factor of 122465 and 175?
35
Calculate the highest common divisor of 1872 and 90558.
234
What is the highest common factor of 9694 and 41134?
262
What is the highest common factor of 93 and 27125?
31
What is the greatest common divisor of 63 and 5565?
21
What is the highest common divisor of 4 and 830164?
4
What is the highest common divisor of 4029 and 239133?
237
What is the highest common factor of 637 and 184457?
91
Calculate the greatest common divisor of 273 and 18158.
7
What is the highest common factor of 59 and 10166467?
59
What is the greatest common divisor of 6 and 18462?
6
Calculate the greatest common factor of 960 and 61720.
40
What is the highest common factor of 100 and 273775?
25
What is the greatest common divisor of 684858 and 30?
6
What is the 